?
-1234
In base 2, what is 110 - 1111101?
-1110111
In base 16, what is -1d1 - -2d?
-1a4
In base 15, what is 5 + 10?
15
In base 11, what is -1 + -682?
-683
In base 10, what is -3 + -21?
-24
In base 10, what is 135 + -4?
131
In base 4, what is -30 - -102?
12
In base 8, what is -1 + -54?
-55
In base 16, what is 0 - 70?
-70
In base 2, what is -100 - -11010000?
11001100
In base 7, what is -3 + -11?
-14
In base 5, what is -111421 + -4?
-111430
In base 10, what is -79 + 58?
-21
In base 12, what is -1 - 213?
-214
In base 7, what is -4 + -3?
-10
In base 5, what is -12 - -123?
111
In base 7, what is 20 - -6?
26
In base 13, what is 108 + -1?
107
In base 2, what is 101 + 1000011010?
1000011111
In base 15, what is 356 - -2?
358
In base 2, what is 0 + 10000011?
10000011
In base 3, what is -1120 + -1020?
-2210
In base 8, what is 142 - 15?
125
In base 3, what is 10121 - -20?
10211
In base 11, what is -39a7 + 5?
-39a2
In base 11, what is 16a - -3?
172
In base 10, what is 4 + 111?
115
In base 8, what is -4135 + -4?
-4141
In base 15, what is ceb + 5?
d01
In base 16, what is 124 - 4?
120
In base 12, what is 3222 - 6?
3218
In base 2, what is 110011001011000 + 1?
110011001011001
In base 5, what is 323 + -2?
321
In base 14, what is a - 1b?
-11
In base 6, what is 3 - -22033?
22040
In base 6, what is -10111 + -3?
-10114
In base 5, what is 3 + 142001?
142004
In base 12, what is 14 - -14?
28
In base 12, what is -11 - -15?
4
In base 3, what is 0 - -10201?
10201
In base 12, what is 44 + 99?
121
In base 14, what is 2d7 + -4?
2d3
In base 10, what is 1711 - 0?
1711
In base 10, what is -26 + 1?
-25
In base 7, what is -2140 - 6?
-2146
In base 11, what is 130 - 24?
107
In base 6, what is 4 + 411?
415
In base 12, what is -4 - -155?
151
In base 7, what is -5 - 33053?
-33061
In base 6, what is -312224 + -5?
-312233
In base 14, what is 98 - -1?
99
In base 8, what is 3 + 14751?
14754
In base 10, what is 130 - 5?
125
In base 6, what is -101105 + 5?
-101100
In base 16, what is b + -70f?
-704
In base 7, what is -51 + -46?
-130
In base 6, what is 21 + 122?
143
In base 9, what is 2545 - 3?
2542
In base 6, what is 305 + 2?
311
In base 11, what is -5 + -192?
-197
In base 16, what is -5 - 40?
-45
In base 10, what is -89 - -13?
-76
In base 12, what is -3 - 47?
-4a
In base 3, what is 12010 - 2222?
2011
In base 2, what is 100011 + 1000101?
1101000
In base 4, what is -20132 - -1?
-20131
In base 15, what is -80 - -19?
-66
In base 11, what is 4 - 25?
-21
In base 6, what is -2114 + -2?
-2120
In base 7, what is -21042 + 0?
-21042
In base 5, what is 23 - -42?
120
In base 13, what is 4 - -4c3?
4c7
In base 5, what is -321 - 43?
-414
In base 12, what is 194 - 1?
193
In base 2, what is 100000111000000 + -1?
100000110111111
In base 3, what is -1 + 12?
11
In base 9, what is -68 + -41?
-120
In base 9, what is 4 + 43?
47
In base 15, what is -d - 0?
-d
In base 16, what is -8cc - -4?
-8c8
In base 9, what is 0 - 743?
-743
In base 14, what is 1 + -2239?
-2238
In base 9, what is 68 + -18?
50
In base 8, what is 1201 + -4?
1175
In base 2, what is 101 + -1000111?
-1000010
In base 11, what is 0 + 16?
16
In base 7, what is 15242 - 0?
15242
In base 14, what is 12 - 26?
-14
In base 11, what is -5 - -17a?
175
In base 13, what is -2 + 11?
c
In base 14, what is -31d + 1?
-31c
In base 13, what is -25 - -181?
159
In base 15, what is 181 - 4?
17c
In base 11, what is -33 + 7?
-27
In base 15, what is -18 + -41?
-59
In base 6, what is 55 + 11?
110
In base 12, what is 0 - -9?
9
In base 4, what is 112 + 2?
120
In base 16, what is 4 - 5b?
-57
In base 16, what is 178 + -6?
172
In base 12, what is 355 + -1?
354
In base 15, what is 1 + -5be?
-5bd
In base 9, what is -4 - 228?
-233
In base 3, what is 20 - -122?
212
In base 3, what is -11 + 10102?
10021
In base 3, what is 12 - 110020?
-110001
In base 7, what is 12 + -2?
10
In base 7, what is -42 + 644?
602
In base 6, what is 0 + -105?
-105
In base 6, what is 4 - -4252?
4300
In base 4, what is 10 - -1023?
1033
In base 10, what is -31 + 16?
-15
In base 11, what is -119 + 3?
-116
In base 6, what is 100115 + 4?
100123
In base 9, what is -1 + 172?
171
In base 5, what is 41 + 34?
130
In base 7, what is 42 - 3?
36
In base 14, what is 3 - -d4c?
d51
In base 12, what is 1915 - 4?
1911
In base 7, what is 4 + 16401?
16405
In base 11, what is 263 - -3?
266
In base 4, what is 1 - 2131?
-2130
In base 7, what is 3 + 13?
16
In base 2, what is 10100001010001 + -100?
10100001001101
In base 10, what is 45 - 0?
45
In base 9, what is 3724 - -2?
3726
In base 11, what is 113 + 7?
11a
In base 10, what is 314 - -3?
317
In base 4, what is 11 - -121333?
122010
In base 16, what is -2c - 1?
-2d
In base 3, what is -102020210 + 11?
-102020122
In base 7, what is 1246 + -1?
1245
In base 8, what is -2340 + 7?
-2331
In base 16, what is -11a + 3?
-117
In base 16, what is 5d35 - -1?
5d36
In base 15, what is -d0a + 3?
-d07
In base 10, what is -3 + 37?
34
In base 11, what is -163 - 4?
-167
In base 7, what is -3 - -3364?
3361
In base 4, what is 21 + 23?
110
In base 12, what is -377 + 1?
-376
In base 16, what is -fb - -4?
-f7
In base 16, what is 85 - -5?
8a
In base 12, what is 72 + 3?
75
In base 9, what is 253 - -6?
260
In base 7, what is -41 - 24?
-65
In base 2, what is 110110 + 1110?
1000100
In base 9, what is -2 - 87?
-100
In base 11, what is -19 - -29?
10
In base 12, what is 2 + -63?
-61
In base 16, what is -4 - -13b?
137
In base 3, what is 11 + -11?
0
In base 5, what is -101 - 24?
-130
In base 2, what is 10 - 1000100?
-1000010
In base 5, what is -34 + 32?
-2
In base 5, what is 2 + 3220?
3222
In base 5, what is 202 + -4?
143
In base 5, what is -21 + -121?
-142
In base 6, what is 5 - -355?
404
In base 4, what is -2201 - 0?
-2201
In base 2, what is 10111111100 + 100?
11000000000
In base 2, what is -1110 + -1101010011?
-1101100001
In base 11, what is 3 + 231?
234
In base 5, what is -2 + 14?
12
In base 8, what is 1 + 4554?
4555
In base 7, what is 24 + 630?
654
In base 10, what is 27 + -124?
-97
In base 15, what is -2c1 - -2?
-2be
In base 10, what is 5 - -336?
341
In base 3, what is -120020 + 12?
-120001
In base 13, what is 5424 + -5?
541c
In base 12, what is 5 - 2?
3
In base 6, what is 5 - -13?
22
In base 5, what is -323 + 3?
-320
In base 9, what is 6 + 136?
143
In base 6, what is -5 + 1002?
553
In base 7, what is 2 + -1055?
-1053
In base 3, what is 2202201 + 112?
2210020
In base 16, what is -28 - 49?
-71
In base 15, what is d - a?
3
In base 16, what is -70 + -5?
-75
In base 2, what is -1 - 10001100?
-10001101
In base 5, what is 12 + -121401?
-121334
In base 3, what is 1200 + 1?
1201
In base 10, what is -9 - -6?
-3
In base 11, what is -169 - 79?
-237
In base 14, what is 282 + 4?
286
In base 16, what is 50 + -2?
4e
In base 13, what is -3 + -6a6?
-6a9
In base 14, what is 223 + 3?
226
In base 11, what is 10 - -68?
78
In base 13, what is 2 + -6a?
-68
In base 11, what is -12 - 1?
-13
In base 9, what is -20 - 202?
-222
In base 7, what is -3 - 2?
-5
In base 8, what is 5 + 362?
367
In base 11, what is 0 - -17a?
17a
In base 8, what is 4 + -655?
-651
In base 14, what is c2 - 9?
b7
In base 12, what is 1a7 - 3?
1a4
In base 13, what is 0 - 142?
-142
In base 8, what is -4 - -7637?
7633
In base 3, what is -12 - -201220?
201201
In base 8, what is -7215 + 0?
-7215
In base 14, what is 53 - -208?
25b
In base 12, what is 76 - 5?
71
In base 2, what is 100 - 11100010011?
-11100001111
In base 5, what is 402000 + -3?
401442
In base 9, what is 7 + -5?
2
In base 15, what is 4 + 23?
27
In base 13, what is -3421 - -3?
-341b
In base 7, what is 243 + -1?
242
In base 3, what is -1 - -20201?
20200
In base 5, what is -322 + 1?
-321
In base 5, what is 1231 - -3?
1234
In base 8, what is -24146 + -1?
-24147
In base 3, what is -102 - 100?
-202
In base 4, what is 121 + -3?
112
In base 14, what is 2 - -34?
36
In base 3, what is -1 + -10222?
-11000
In base 12, what is -2 + -532?
-534
In base 2, what is 100 + -10000?
-1100
In base 9, what is 15 + 23?
38
In base 9, what is -4 + 206?
202
In base 3, what is -112102 + -212?
-120021
In base 11, what is 14 - 5?
a
In base 10, what is 15 - -15?
30
In base 5, what is -142 + -4?
-201
In base 2, what is -1100000 + 101?
-1011011
In base 3, what is -1 - -2120001?
2120000
In base 10, what is 15 - -238?
253
In base 14, what is 